3*c = -2*t - 38*c + g, 4*t = -2*c + 620. What are the prime factors of t?
2, 3, 13
Suppose 5*i + 2*j - 15 = 0, 4*i = -5*j + 18 - 23. Let n(p) = 9*p - p**2 - 1 + 1. What are the prime factors of n(i)?
2, 5
What are the prime factors of 1 + 2 + (-21)/((-95455)/11930 - -8)?
5, 13, 257
List the prime factors of -54835*((-90)/10 + 11 - 13/5).
3, 11, 997
Suppose 0 = -3*t + 15, -169*i + 11131 = -166*i - 4*t. What are the prime factors of i?
3, 7, 59
Let r = -49 + 54. Suppose 0 = g - 5*u - 66 - 14, r*u + 25 = 0. What are the prime factors of g?
5, 11
Let h be (7 - 7) + 5 + -51525. List the prime factors of h/(-120) - 2/6.
3, 11, 13
Let m(k) = -9924*k + 40. What are the prime factors of m(-1)?
2, 47, 53
Let z(p) = -76*p. Let a be z(-4). Suppose -r - 3*l + 18 + 32 = 0, 178 = 4*r + l. Suppose 48*w - r*w = a. List the prime factors of w.
2, 19
Let o = -44 - -48. Let x(f) = -9*f + 9. Let s be x(o). Let a = s - -62. List the prime factors of a.
5, 7
Let k be (-1)/(2925/(-5790) + (-1)/(-2)). Let f = k + -285. What are the prime factors of 4*(-3)/(-6) + (-7 - f)?
3, 29
Let c = -685 - 2545. List the prime factors of c/(-6) + (-72)/(-108).
7, 11
Let u = 34 - 0. Suppose 3*p - 41 = -3*a - 2*a, -5*a + u = 2*p. Suppose -5*x + 8 = -p. What are the prime factors of x?
3
Let o = 9590 - 5971. List the prime factors of o.
7, 11, 47
Let a = -6 - -8. Suppose -3*c - a - 7 = -3*u, -3*u + c + 11 = 0. Suppose -r = p - 44, -u*p - 3*r + 38 = -134. What are the prime factors of p?
2, 5
Suppose 21 - 44 = -l. Suppose 13725 = l*m - 8*m. What are the prime factors of m?
3, 5, 61
Suppose -30 = -8*a + 522. Let f = -109 + a. Let u = f - -78. List the prime factors of u.
2, 19
Let y = -44 - -26. Let f = y - -12. List the prime factors of 11/(24/16*(-2)/f).
2, 11
Let q be (12 - 0) + (25 - 28). What are the prime factors of (33*46)/(q - 8)?
2, 3, 11, 23
Let b be 5/(70/366) + (-1)/7. Let u = -21 - b. Let t = u - -107. List the prime factors of t.
2, 3, 5
Let y = -474 - -476. Suppose 2*b = -t + 210, 0 = 5*t - y*t - 5*b - 597. List the prime factors of t.
2, 3, 17
Let s = -307 + 202. Let m = s - -180. What are the prime factors of m?
3, 5
Let w = 1 - -39. Suppose -146*l - 3*z = -141*l - 721, -139 = -l + 2*z. Let r = w + l. What are the prime factors of r?
3, 61
Let n(u) = 23*u**2 - 31*u + 10. Let a be n(9). Let m = a + -1013. What are the prime factors of m?
7, 83
Let u be (-10)/35 + 80/(-14). Let d(h) be the second derivative of 2*h**4/3 + 5*h**3/3 - 7*h**2/2 - 3*h. List the prime factors of d(u).
13, 17
Let l be 2 + -2 + (1 - -1) + -6. Let d(n) = -n**2 - 10*n - 21. Let s be d(l). Suppose -s*i = -7*i + 160. List the prime factors of i.
2, 5
Let f(o) = 24*o**2 - 92*o - 611. What are the prime factors of f(-10)?
3, 7, 43
Suppose 5 = -6*l + 23. Suppose 4*n = -5*w + 62, n + 36 = l*w + 4*n. Suppose -f - x + 7 = 0, -3*x + 0*x = 2*f - w. What are the prime factors of f?
7
Let a be ((-24)/16)/((-2)/12). Suppose a*n + 419 = 1076. Suppose -4*l + n - 21 = 0. List the prime factors of l.
13
Let f(v) = 11*v - 101. Let p be f(-21). Let a = 784 + p. What are the prime factors of a?
2, 113
Suppose l + 59 = -3*l + 5*a, 5*a = -4*l - 29. Let b be (-62)/22 - (0 + (-2)/l). What are the prime factors of ((-1)/b + 4/12)*186?
2, 31
Suppose -d = 4*p - 12, -3*d + 3*p = -7*d + 35. Suppose 3*l = d*l. Let v(t) = 14*t + 177. List the prime factors of v(l).
3, 59
Let l(z) = 2*z - 9. Let f be l(6). Suppose -k = -8 + f. Let q(v) = 7*v**2 - 5*v - 11. List the prime factors of q(k).
139
Let x = -19686 + 40348. What are the prime factors of x?
2, 10331
Let q = 81218 + -11540. What are the prime factors of q?
2, 3, 7, 79
Suppose -11 = u - 12. Let k(g) = g**2 + 3*g + 3*g + 0*g + 8*g**3 - 5*g - 2. List the prime factors of k(u).
2
Let r(n) = 4*n**3 - 14*n**2 + 17*n + 64. Let g(u) = 5*u**3 - 15*u**2 + 15*u + 63. Let i(f) = -3*g(f) + 4*r(f). List the prime factors of i(14).
977
Let f(w) = 119*w**2 + 37*w + 5. List the prime factors of f(9).
11, 907
Suppose 17212 = 84*n - 267044. What are the prime factors of n?
2, 3, 47
Suppose 48*y - 3415 - 1496286 = 29531. List the prime factors of y.
31859
Suppose -57204 = -2*l - 5*l. Suppose 17*g - l = -g. What are the prime factors of g?
2, 227
Let n(j) = -12*j**2 + 7*j - 1. Let z be n(4). Let g be 563/(-11) + 5*(-6)/z. Let y = g - -127. What are the prime factors of y?
2, 19
Let x be (-33)/7 + 52/(-182). List the prime factors of 2/11 - (x + (-3870)/11).
3, 7, 17
Let f(z) = 5*z**3 - 9*z**2 + 17*z + 8. What are the prime factors of f(8)?
2, 7, 19
Suppose -2*x - 15*x - 34 = 0. What are the prime factors of -4 - ((x - -4) + -1 - 430)?
5, 17
Let t(w) = 6*w**2 - w - 1. Suppose 2*p + 3*v + 8 = -0*p, 2*p = 3*v + 16. Let m be t(p). Suppose 756 = m*z - 17*z. List the prime factors of z.
3, 7
Let g(c) = -2395*c + 8918. List the prime factors of g(-29).
181, 433
Let b(c) be the first derivative of -119*c**2/2 - 154*c + 88. What are the prime factors of b(-10)?
2, 7, 37
Let m = 3504 - 2366. Let z = -569 + m. List the prime factors of z.
569
What are the prime factors of 25026 + (-30)/4*(204/(-18))/(-17)?
131, 191
Suppose 93 + 183 = 69*x. Suppose -a = 4*b - 1592, -3*b + 6*a - x*a + 1194 = 0. List the prime factors of b.
2, 199
Let a(s) be the second derivative of s**4/6 - 2*s**3/3 - 3*s**2 + 595*s. Let d be -1*1/(-1) + 3. What are the prime factors of a(d)?
2, 5
Let j = 5483 - -1549. What are the prime factors of j?
2, 3, 293
Suppose 5*r = h - 556, -r + 90 = -h + 642. Suppose h*a = 556*a - 1770. List the prime factors of a.
2, 3, 59
Suppose 0 = -2*t - 3*l + 50892, 101798 = 4*t - 992*l + 991*l. List the prime factors of t.
3, 17, 499
Let u(c) = -74*c - 143. Let t = -312 - -298. List the prime factors of u(t).
19, 47
Suppose 4*c + 0*g - 3*g = -9, 3*g - 9 = c. What are the prime factors of (-7)/(-14)*(1266 + c) + 2?
5, 127
List the prime factors of (-891800)/60*12/(-10).
2, 7, 13
Let q = 42 + -31. Suppose 3*a + i - q = -3*i, -2*a + i = 0. What are the prime factors of (a + (-15)/9)/((-6)/639)?
71
Suppose 0 = 6*y + 2 - 26. Suppose 0 = -5*f - 5*j + 275, 0 = -2*f - 5*j + y*j + 109. Let c = 150 - f. What are the prime factors of c?
2, 3
What are the prime factors of 4 + (2 + 1057642/34 - 12/102)?
3, 3457
Let w(a) = a**2 + 4. Suppose 2*l + 2*d - 18 = 0, -4*l + l = -d - 11. Suppose 0 = 6*p - l*p + 1, 2*r + p = 29. What are the prime factors of w(r)?
229
Let s(y) = 390*y + 230. Let w be s(-3). Let d = -712 - w. List the prime factors of d.
2, 3, 19
Let j(t) = -38*t - 2. Let g be j(-3). Suppose u = -8*s - 4, -4*u - 13 = -7*u + s. Let o = u + g. What are the prime factors of o?
2, 29
Let f(o) be the first derivative of -o**4/2 - 10*o**3/3 - 8*o**2 - 22*o + 67. List the prime factors of f(-8).
2, 5, 7
List the prime factors of 5/(-20) + 74290*5/8.
3, 7, 11, 67
List the prime factors of (-28848)/(-36)*(-63)/(-7).
2, 3, 601
Suppose -32 = -10*h + 6*h. Suppose 6 = -2*p + h. List the prime factors of 52/(-130)*(p + -11).
2
List the prime factors of 5472 + (2 - 1) + -1.
2, 3, 19
Suppose -4*v = h + 15, h + 2 + 3 = -2*v. Suppose 8 = 4*l + a - 458, -5*l + 595 = -h*a. Let k = 294 - l. What are the prime factors of k?
3, 59
Let y be 5/((96/(-960))/(2/(-4))). Let w = 3 - -2. Suppose -w*v + i + y = -514, 0 = 5*v - 2*i - 543. What are the prime factors of v?
107
Suppose -23 + 433 = 10*p. Let l(d) = d**2 - 37*d + 90. What are the prime factors of l(p)?
2, 127
Let b = -10883 - -18898. What are the prime factors of b?
5, 7, 229
Let j(k) be the third derivative of -139*k**4/24 - 19*k**3/6 - 3*k**2 + 11*k. List the prime factors of j(-3).
2, 199
Let l(b) = b**3 + 6*b**2 - b + 5. Let c be l(-5). Suppose -c*u + 40*u - 7115 = 0. What are the prime factors of u?
1423
Let c = 119 - 185. Let j(h) = -40*h + 177. Let a be j(1). Let s = a + c. What are the prime factors of s?
71
Let t(i) = 5*i**3 - 4*i**2 - i - 3. Let w = -85 - -115. Let d = w - 27. List the prime factors of t(d).
3, 31
Suppose 1218116 = 77*m - 1570262 - 1432993. What are the prime factors of m?
73, 751
Suppose 3*p + p - 12 = 0. Suppose 0 = 4*j - k - 12, -5*j + 12 = -p*k + k. Suppose 0*z = j*w + 4*z - 188, 0 = 3*z + 3. What are the prime factors of w?
2, 3
Let q = -81 + 83. Suppose q*a - 46 = 4*b, -4*b + 9 = a - 2. List the prime factors of a.
19
Suppose 15*f - f - 1190 = 